{"id":474,"date":"2025-03-08T16:53:07","date_gmt":"2025-03-08T15:53:07","guid":{"rendered":"https:\/\/ilij.ujk.edu.pl\/niziurski2025\/?page_id=474"},"modified":"2025-10-07T20:38:39","modified_gmt":"2025-10-07T18:38:39","slug":"projekt","status":"publish","type":"page","link":"https:\/\/ilij.ujk.edu.pl\/niziurski2025\/index.php\/projekt\/","title":{"rendered":"Projekt"},"content":{"rendered":"\t\t<div data-elementor-type=\"wp-page\" data-elementor-id=\"474\" class=\"elementor elementor-474\">\n\t\t\t\t<div class=\"elementor-element elementor-element-cf37412 e-flex e-con-boxed e-con e-parent\" data-id=\"cf37412\" data-element_type=\"container\">\n\t\t\t\t\t<div class=\"e-con-inner\">\n\t\t\t\t<div class=\"elementor-element elementor-element-b74345a elementor-widget elementor-widget-heading\" data-id=\"b74345a\" data-element_type=\"widget\" data-widget_type=\"heading.default\">\n\t\t\t\t<div class=\"elementor-widget-container\">\n\t\t\t\t\t<h1 class=\"elementor-heading-title elementor-size-default\">PROJEKT<\/h1>\t\t\t\t<\/div>\n\t\t\t\t<\/div>\n\t\t\t\t<div class=\"elementor-element elementor-element-64a9425 elementor-widget-divider--view-line elementor-widget elementor-widget-divider\" data-id=\"64a9425\" data-element_type=\"widget\" data-widget_type=\"divider.default\">\n\t\t\t\t<div class=\"elementor-widget-container\">\n\t\t\t\t\t\t\t<div class=\"elementor-divider\">\n\t\t\t<span class=\"elementor-divider-separator\">\n\t\t\t\t\t\t<\/span>\n\t\t<\/div>\n\t\t\t\t\t\t<\/div>\n\t\t\t\t<\/div>\n\t\t\t\t\t<\/div>\n\t\t\t\t<\/div>\n\t\t<div class=\"elementor-element elementor-element-09866b7 e-flex e-con-boxed e-con e-parent\" data-id=\"09866b7\" data-element_type=\"container\">\n\t\t\t\t\t<div class=\"e-con-inner\">\n\t\t<div class=\"elementor-element elementor-element-de636f6 e-con-full e-flex e-con e-child\" data-id=\"de636f6\" data-element_type=\"container\">\n\t\t\t\t<div class=\"elementor-element elementor-element-1e121e3 elementor-widget elementor-widget-image\" data-id=\"1e121e3\" data-element_type=\"widget\" data-widget_type=\"image.default\">\n\t\t\t\t<div class=\"elementor-widget-container\">\n\t\t\t\t\t\t\t\t\t\t\t\t\t\t\t<img fetchpriority=\"high\" decoding=\"async\" width=\"724\" height=\"1024\" src=\"https:\/\/ilij.ujk.edu.pl\/niziurski2025\/wp-content\/uploads\/2025\/03\/Plakat_dofinansowanie22-724x1024.png\" class=\"attachment-large size-large wp-image-475\" alt=\"Plakat dofinansowanie22\" srcset=\"https:\/\/ilij.ujk.edu.pl\/niziurski2025\/wp-content\/uploads\/2025\/03\/Plakat_dofinansowanie22-724x1024.png 724w, https:\/\/ilij.ujk.edu.pl\/niziurski2025\/wp-content\/uploads\/2025\/03\/Plakat_dofinansowanie22-212x300.png 212w, https:\/\/ilij.ujk.edu.pl\/niziurski2025\/wp-content\/uploads\/2025\/03\/Plakat_dofinansowanie22-768x1086.png 768w, https:\/\/ilij.ujk.edu.pl\/niziurski2025\/wp-content\/uploads\/2025\/03\/Plakat_dofinansowanie22-1086x1536.png 1086w, https:\/\/ilij.ujk.edu.pl\/niziurski2025\/wp-content\/uploads\/2025\/03\/Plakat_dofinansowanie22-1448x2048.png 1448w\" sizes=\"(max-width: 724px) 100vw, 724px\" \/>\t\t\t\t\t\t\t\t\t\t\t\t\t\t\t<\/div>\n\t\t\t\t<\/div>\n\t\t\t\t<\/div>\n\t\t<div class=\"elementor-element elementor-element-d3a4400 e-con-full e-flex e-con e-child\" data-id=\"d3a4400\" data-element_type=\"container\">\n\t\t\t\t<div class=\"elementor-element elementor-element-d05a524 elementor-widget elementor-widget-text-editor\" data-id=\"d05a524\" data-element_type=\"widget\" data-widget_type=\"text-editor.default\">\n\t\t\t\t<div class=\"elementor-widget-container\">\n\t\t\t\t\t\t\t\t\t<p>Celem projektu\u00a0<strong>Galeria postaci. Mapa miejsc. Edmundowi Niziurskiemu w\u00a0100. rocznic\u0119 urodzin<\/strong>\u00a0jest organizacja og\u00f3lnopolskiej konferencji naukowej po\u015bwi\u0119conej tw\u00f3rczo\u015bci, pochodz\u0105cego z Kielc pisarza, Edmunda Niziurskiego w 100. rocznic\u0119 jego urodzin. Konferencja odb\u0119dzie si\u0119 w dniach 3\u20124 czerwca 2025 roku w Instytucie Literaturoznawstwa i J\u0119zykoznawstwa UJK w Kielcach.<\/p><p>Szczeg\u00f3ln\u0105 uwag\u0119 chcemy po\u015bwi\u0119ci\u0107 stronie metodologicznej bada\u0144 nad literatur\u0105 dla dzieci i m\u0142odzie\u017cy, w obr\u0119bie kt\u00f3rej sytuuje si\u0119 dorobek Niziurskiego, dalej wybranym zagadnieniom czytelnictwa dzieci i m\u0142odzie\u017cy oraz znaczeniu w literaturze i kulturze spu\u015bcizny literackiej autora\u00a0<em>Sposobu na Alcybiadesa<\/em>. Wa\u017cnym sk\u0142adnikiem spotkania b\u0119dzie r\u00f3wnie\u017c integracja \u015brodowiska naukowego z otoczeniem spo\u0142ecznym, z instytucjami kultury oraz odbiorcami prozy pisarza.<\/p><p>Wydarzenie ma by\u0107 platform\u0105 wymiany do\u015bwiadcze\u0144 naukowych i czytelniczych oraz okazj\u0105 do zaprezentowania wynik\u00f3w bada\u0144 z r\u00f3\u017cnych dyscyplin: literaturoznawstwa, j\u0119zykoznawstwa, polonistyki, nauk o komunikacji spo\u0142ecznej i mediach, sztuk filmowych i teatralnych, pedagogiki i in., zw\u0142aszcza w \u015bwietle nowatorskich strategii metodologicznych (np. kartografii krytycznej, koncepcji miejsc autobiograficznych czy Children Studies), w kontek\u015bcie kt\u00f3rych mo\u017cna osadzi\u0107 tw\u00f3rczo\u015b\u0107 Edmunda Niziurskiego. Zaproszenie jest adresowane do prelegent\u00f3w z r\u00f3\u017cnych o\u015brodk\u00f3w naukowych, pracownik\u00f3w instytucji zajmuj\u0105cych si\u0119 edukacj\u0105 i kultur\u0105, a\u00a0tak\u017ce student\u00f3w i doktorant\u00f3w.<\/p><p>Efektem konferencji b\u0119dzie upowszechnianie wynik\u00f3w bada\u0144 i do\u015bwiadcze\u0144 praktycznych w postaci monografii naukowej, do kt\u00f3rej wsp\u00f3\u0142tworzenia zostan\u0105 zaproszeni wszyscy uczestnicy wydarzenia. Planujemy r\u00f3wnie\u017c wydanie cz\u0119\u015bci artyku\u0142\u00f3w w punktowanych czasopismach naukowych.<\/p>\t\t\t\t\t\t\t\t<\/div>\n\t\t\t\t<\/div>\n\t\t\t\t<\/div>\n\t\t\t\t\t<\/div>\n\t\t\t\t<\/div>\n\t\t\t\t<\/div>\n\t\t","protected":false},"excerpt":{"rendered":"<p>PROJEKT Celem projektu\u00a0Galeria postaci. Mapa miejsc. Edmundowi Niziurskiemu w\u00a0100. rocznic\u0119 urodzin\u00a0jest organizacja og\u00f3lnopolskiej konferencji naukowej po\u015bwi\u0119conej tw\u00f3rczo\u015bci, pochodz\u0105cego z Kielc pisarza, Edmunda Niziurskiego w 100. rocznic\u0119 jego urodzin. Konferencja odb\u0119dzie si\u0119 w dniach 3\u20124 czerwca 2025 roku w Instytucie Literaturoznawstwa i J\u0119zykoznawstwa UJK w Kielcach. Szczeg\u00f3ln\u0105 uwag\u0119 chcemy po\u015bwi\u0119ci\u0107 stronie metodologicznej bada\u0144 nad literatur\u0105 dla [&hellip;]<\/p>\n","protected":false},"author":2,"featured_media":0,"parent":0,"menu_order":0,"comment_status":"closed","ping_status":"closed","template":"","meta":{"footnotes":""},"class_list":["post-474","page","type-page","status-publish","hentry"],"_links":{"self":[{"href":"https:\/\/ilij.ujk.edu.pl\/niziurski2025\/index.php\/wp-json\/wp\/v2\/pages\/474","targetHints":{"allow":["GET"]}}],"collection":[{"href":"https:\/\/ilij.ujk.edu.pl\/niziurski2025\/index.php\/wp-json\/wp\/v2\/pages"}],"about":[{"href":"https:\/\/ilij.ujk.edu.pl\/niziurski2025\/index.php\/wp-json\/wp\/v2\/types\/page"}],"author":[{"embeddable":true,"href":"https:\/\/ilij.ujk.edu.pl\/niziurski2025\/index.php\/wp-json\/wp\/v2\/users\/2"}],"replies":[{"embeddable":true,"href":"https:\/\/ilij.ujk.edu.pl\/niziurski2025\/index.php\/wp-json\/wp\/v2\/comments?post=474"}],"version-history":[{"count":11,"href":"https:\/\/ilij.ujk.edu.pl\/niziurski2025\/index.php\/wp-json\/wp\/v2\/pages\/474\/revisions"}],"predecessor-version":[{"id":2549,"href":"https:\/\/ilij.ujk.edu.pl\/niziurski2025\/index.php\/wp-json\/wp\/v2\/pages\/474\/revisions\/2549"}],"wp:attachment":[{"href":"https:\/\/ilij.ujk.edu.pl\/niziurski2025\/index.php\/wp-json\/wp\/v2\/media?parent=474"}],"curies":[{"name":"wp","href":"https:\/\/api.w.org\/{rel}","templated":true}]}}